-5a (base 12) to base 3.
-2121
-2 (base 13) to base 9
-2
What is 66 (base 14) in base 10?
90
What is 12 (base 5) in base 8?
7
What is 0 (base 14) in base 16?
0
Convert -23 (base 6) to base 15.
-10
Convert -3 (base 15) to base 8.
-3
What is -1011 (base 5) in base 10?
-131
Convert 6d (base 16) to base 13.
85
What is 0 (base 15) in base 3?
0
What is 36 (base 16) in base 15?
39
What is -13 (base 12) in base 13?
-12
Convert 165 (base 7) to base 2.
1100000
What is -96 (base 10) in base 7?
-165
What is -13 (base 5) in base 16?
-8
What is -2 (base 4) in base 14?
-2
Convert -6 (base 10) to base 9.
-6
What is -3 (base 8) in base 9?
-3
Convert 10003 (base 4) to base 3.
100121
-79 (base 15) to base 6
-310
4 (base 12) to base 11
4
Convert 130 (base 4) to base 10.
28
What is 2 (base 12) in base 10?
2
What is 205 (base 7) in base 15?
6d
5 (base 8) to base 7
5
What is -26 (base 8) in base 12?
-1a
Convert -1a (base 15) to base 9.
-27
Convert -20 (base 3) to base 11.
-6
Convert 95 (base 11) to base 16.
68
Convert 414 (base 7) to base 2.
11001111
Convert -441 (base 5) to base 2.
-1111001
What is 363 (base 7) in base 15?
cc
Convert -100 (base 7) to base 6.
-121
What is b (base 12) in base 10?
11
-4 (base 11) to base 14
-4
17b (base 13) to base 8
417
What is -11 (base 2) in base 4?
-3
Convert 277 (base 8) to base 9.
232
What is -1 (base 10) in base 11?
-1
110000 (base 2) to base 14
36
Convert a2 (base 15) to base 3.
12122
-1143 (base 5) to base 2
-10101101
Convert 35 (base 8) to base 14.
21
What is 11 (base 2) in base 15?
3
54 (base 6) to base 3
1021
What is -1123 (base 5) in base 12?
-117
Convert 110 (base 3) to base 12.
10
Convert 10 (base 4) to base 9.
4
What is 1 (base 11) in base 2?
1
Convert 4 (base 11) to base 4.
10
Convert -3 (base 15) to base 6.
-3
10 (base 12) to base 16
c
Convert -a2 (base 15) to base 13.
-b9
What is 11 (base 2) in base 8?
3
11 (base 3) to base 14
4
1 (base 6) to base 3
1
Convert 5 (base 13) to base 9.
5
What is -100 (base 3) in base 5?
-14
What is 4b (base 14) in base 7?
124
What is 1 (base 12) in base 9?
1
What is -12 (base 16) in base 10?
-18
What is 1000 (base 3) in base 10?
27
Convert -19 (base 10) to base 8.
-23
-3 (base 7) to base 13
-3
6d (base 16) to base 7
214
230 (base 4) to base 15
2e
464 (base 8) to base 15
158
Convert -2 (base 14) to base 9.
-2
Convert 3 (base 10) to base 12.
3
46 (base 10) to base 16
2e
What is cb (base 13) in base 8?
247
15 (base 12) to base 11
16
Convert -4 (base 15) to base 14.
-4
What is 15 (base 16) in base 12?
19
What is 12 (base 6) in base 2?
1000
Convert 1011 (base 3) to base 10.
31
Convert -3 (base 16) to base 4.
-3
-a (base 13) to base 4
-22
Convert 1 (base 7) to base 16.
1
c (base 13) to base 8
14
What is 5 (base 7) in base 9?
5
What is -52 (base 13) in base 16?
-43
Convert 2 (base 12) to base 10.
2
-24 (base 10) to base 2
-11000
Convert -8 (base 15) to base 10.
-8
-2 (base 5) to base 4
-2
Convert 4 (base 16) to base 15.
4
Convert 3 (base 14) to base 11.
3
What is 12 (base 6) in base 9?
8
What is 15 (base 7) in base 6?
20
Convert 4 (base 6) to base 12.
4
What is 0 (base 9) in base 8?
0
What is 0 (base 2) in base 16?
0
-2 (base 9) to base 16
-2
Convert -12 (base 11) to base 13.
-10
What is -3 (base 14) in base 3?
-10
Convert 6 (base 9) to base 13.
6
Convert 6 (base 16) to base 8.
6
3 (base 4) to base 2
11
Convert -2 (base 8) to base 3.
-2
What is -12 (base 4) in base 11?
-6
What is 1010 (base 2) in base 4?
22
What is 72 (base 16) in base 14?
82
What is 20 (base 3) in base 5?
11
Convert -c (base 16) to base 8.
-14
What is -64 (base 11) in base 4?
-1012
1011 (base 2) to base 12
b
Convert 75 (base 12) to base 14.
65
What is -1a2 (base 13) in base 9?
-364
Convert -1 (base 10) to base 6.
-1
Convert -10 (base 6) to base 10.
-6
Convert -11 (base 7) to base 10.
-8
-25 (base 15) to base 3
-1022
3 (base 10) to base 9
3
Convert 6 (base 9) to base 12.
6
What is 9 (base 13) in base 6?
13
What is -46 (base 14) in base 3?
-2022
Convert -127 (base 11) to base 10.
-150
Convert -63 (base 10) to base 8.
-77
132 (base 6) to base 14
40
What is 1 (base 13) in base 5?
1
4 (base 15) to base 10
4
What is 4 (base 12) in base 13?
4
What is 12 (base 3) in base 9?
5
Convert -5 (base 14) to base 2.
-101
-19 (base 16) to base 4
-121
Convert -1112 (base 4) to base 5.
-321
What is 56 (base 9) in base 15?
36
-3 (base 7) to base 5
-3
22 (base 11) to base 7
33
23 (base 9) to base 6
33
What is 10 (base 4) in base 12?
4
What is -3 (base 12) in base 11?
-3
What is -138 (base 9) in base 3?
-11022
What is -6a (base 16) in base 9?
-127
What is 15 (base 8) in base 5?
23
-10 (base 13) to base 16
-d
What is 5 (base 6) in base 14?
5
Convert 100000 (base 2) to base 12.
28
4 (base 16) to base 8
4
What is 4 (base 16) in base 10?
4
-1112 (base 3) to base 9
-45
What is -34 (base 12) in base 8?
-50
10 (base 4) to base 5
4
Convert 2 (base 13) to base 2.
10
-201 (base 3) to base 8
-23
What is 10000101 (base 2) in base 9?
157
What is -1 (base 4) in base 2?
-1
Convert -4 (base 12) to base 11.
-4
Convert -10011 (base 2) to base 14.
-15
-266 (base 8) to base 3
-20202
What is 6e (base 15) in base 5?
404
What is -8 (base 12) in base 8?
-10
What is 10 (base 2) in base 6?
2
Convert -110 (base 5) to base 3.
-1010
What is 30 (base 4) in base 3?
110
What is 26 (base 12) in base 2?
11110
28 (base 12) to base 4
200
What is 9a (base 13) in base 11?
106
-56 (base 13) to base 4
-1013
Convert -20 (base 13) to base 16.
-1a
Convert -1 (base 10) to base 9.
-1
Convert -230 (base 8) to base 16.
-98
Convert 5 (base 11) to base 2.
101
What is 3 (base 7) in base 16?
3
Convert -300 (base 5) to base 7.
-135
Convert 1 (base 8) to base 10.
1
What is -b3 (base 16) in base 11?
-153
Convert -5 (base 7) to base 5.
-10
Convert 102 (base 4) to base 11.
17
Convert 1 (base 7) to base 9.
1
-74 (base 15) to base 8
-155
Convert 5c (base 16) to base 14.
68
What is 35 (base 7) in base 9?
28
1212 (base 3) to base 14
38
What is 1120 (base 4) in base 13?
6a
Convert -2 (base 8) to base 4.
-2
What is 47 (base 14) in base 9?
70
Convert -b (base 13) to base 7.
-14
33 (base 9) to base 13
24
Convert -100 (base 2) to base 6.
-4
3 (base 16) to base 9
3
Convert 245 (base 6) to base 7.
203
What is -12d (base 16) in base 4?
-10231
Convert -31 (base 4) to base 12.
-11
Convert -3 (base 9) to base 16.
-3
What is 312 (base 7) in base 14?
b2
What is -2 (base 13) in base 8?
-2
11 (base 2) to base 12
3
Convert 57 (base 9) to base 14.
3a
What is -54 (base 7) in base 5?
-124
-1 (base 3) to base 14
-1
0 (base 4) to base 13
0
12 (base 3) to base 10
5
-623 (base 7) to base 2
-100110111
Convert 102 (base 12) to base 4.
2102
What is -19 (base 13) in base 7?
-31
What is 76 (base 13) in base 12?
81
Convert 1203 (base 4) to base 16.
63
Convert c (base 16) to base 6.
20
What is -1 (base 5) in base 6?
-1
What is 95 (base 12) in base 15?
78
Convert -59 (base 11) to base 13.
-4c
-5 (base 10) to base 13
-5
0 (base 2) to base 3
0
Convert -20 (base 3) to base 15.
-6
Convert -197 (base 12) to base 11.
-216
-26 (base 11) to base 2
-11100
47 (base 10) to base 2
101111
Convert 101 (base 2) to base 10.
5
1 (base 11) to base 10
1
What is -68 (base 12) in base 5?
-310
-110001 (base 2) to base 4
-301
34 (base 8) to base 10
28
Convert 0 (base 12) to base 10.
0
Convert -1 (base 8) to base 7.
-1
Convert -1 (base 4) to base 9.
-1
What is 112 (base 6) in base 4?
230
Convert -74 (base 15) to base 4.
-1231
Convert -3 (base 6) to base 3.
-10
What is -87 (base 12) in base 13?
-7c
What is 1102 (base 3) in base 8?
46
What is 2022 (base 4) in base 10?
138
What is -2 (base 9) in base 10?
-2
What is 32 (base 8) in base 16?
1a
8 (base 13) to base 5
13
Convert 195 (base 16) to base 10.
405
Convert -24 (base 13) to base 4.
-132
30 (base 14) to base 15
2c
What is -12012 (base 3) in base 7?
-260
What is -3 (base 9) in base 10?
-3
Convert 1 (base 4) to base 15.
1
-12 (base 7) to base 16
-9
What is -13 (base 6) in base 5?
-14
47 (base 15) to base 11
61
Convert -4 (base 15) to base 10.
-4
What is -3 (base 15) in base 7?
-3
Convert 5c (base 14) to base 3.
10001
Convert 2 (base 10) to base 4.
2
What is -1 (base 6) in base 2?
-1
What is -21 (base 13) in base 4?
-123
-2 (base 8) to base 6
-2
What is -19 (base 15) in base 4?
-120
0 (base 4) to base 5
0
-74